{"id":278,"date":"2018-03-23T11:05:48","date_gmt":"2018-03-23T10:05:48","guid":{"rendered":"http:\/\/labonnepatelarochelle.fr\/?page_id=278"},"modified":"2022-04-08T11:53:29","modified_gmt":"2022-04-08T09:53:29","slug":"partenaires-livraison","status":"publish","type":"page","link":"https:\/\/labonnepatelarochelle.fr\/index.php\/partenaires-livraison\/","title":{"rendered":"Nos partenaires livraison"},"content":{"rendered":"<h2>Nos partenaires livraison<\/h2>\n<p>Vous pouvez vous faire livrer les pizzas et le brushettas de la Bonne P\u00e2te. Pour cela, rendez-vous sur le site de nos partenaires de livraison <strong>en v\u00e9lo<\/strong> :<\/p>\n<ul>\n<li><a href=\"https:\/\/deliveroo.fr\/fr\/menu\/la-rochelle\/centre-ville-vieux-port\/la-bonne-pate\" target=\"_blank\" rel=\"noopener noreferrer\">Deliveroo<\/a><\/li>\n<\/ul>\n<h2>Autres partenaires professionnels<\/h2>\n<ul>\n<li>Location de vacances \u00e0 5 minutes de la Bonne P\u00e2te <a href=\"http:\/\/appartementlarochelle.fr\" target=\"_blank\" rel=\"noopener noreferrer\">Les G\u00eetes de La Petite Roche<\/a><\/li>\n<li><a href=\"https:\/\/www.facebook.com\/quartiersaintnicolaslarochelle\" target=\"_blank\" rel=\"noopener noreferrer\">Association des commer\u00e7ants du quartier Saint Nicolas<\/a><\/li>\n<li><a href=\"https:\/\/www.larochelle-tourisme.com\/sejourner\/restaurants\/la-bonne-pate\" target=\"_blank\" rel=\"noopener noreferrer\">Office du tourisme de La Rochelle<\/a><\/li>\n<li><a href=\"https:\/\/annuaire.laposte.fr\/fast-food\/la-bonne-pate-82756957500018\/\" target=\"_blank\" rel=\"noopener noreferrer\">Annuaire La Poste<\/a><\/li>\n<\/ul>\n","protected":false},"excerpt":{"rendered":"<p>Nos partenaires livraison Vous pouvez vous faire livrer les pizzas et le brushettas de la Bonne P\u00e2te. Pour cela, rendez-vous sur le site de nos partenaires de livraison en v\u00e9lo : Deliveroo Autres partenaires professionnels Location de vacances \u00e0 5 minutes de la Bonne P\u00e2te Les G\u00eetes de La Petite Roche Association des commer\u00e7ants du [&hellip;]<\/p>\n","protected":false},"author":1,"featured_media":0,"parent":0,"menu_order":0,"comment_status":"closed","ping_status":"closed","template":"","meta":{"footnotes":""},"class_list":["post-278","page","type-page","status-publish","czr-hentry"],"yoast_head":"<!-- This site is optimized with the Yoast SEO plugin v27.4 - https:\/\/yoast.com\/product\/yoast-seo-wordpress\/ -->\n<title>Nos partenaires livraison &#8902; Restaurant La Bonne P\u00e2te - La Rochelle<\/title>\n<meta name=\"description\" content=\"Gr\u00e2ce \u00e0 nos partenaires, vous pouvez vous faire livrer les pizzas et les brushettas de la Bonne P\u00e2te en v\u00e9lo. C&#039;est rapide et \u00e9cologique. Pour cela, rendez-vous sur leur site internet.\" \/>\n<meta name=\"robots\" content=\"index, follow, max-snippet:-1, max-image-preview:large, max-video-preview:-1\" \/>\n<link rel=\"canonical\" href=\"https:\/\/labonnepatelarochelle.fr\/index.php\/partenaires-livraison\/\" \/>\n<meta property=\"og:locale\" content=\"fr_FR\" \/>\n<meta property=\"og:type\" content=\"article\" \/>\n<meta property=\"og:title\" content=\"Nos partenaires livraison &#8902; Restaurant La Bonne P\u00e2te - La Rochelle\" \/>\n<meta property=\"og:description\" content=\"Gr\u00e2ce \u00e0 nos partenaires, vous pouvez vous faire livrer les pizzas et les brushettas de la Bonne P\u00e2te en v\u00e9lo. C&#039;est rapide et \u00e9cologique. Pour cela, rendez-vous sur leur site internet.\" \/>\n<meta property=\"og:url\" content=\"https:\/\/labonnepatelarochelle.fr\/index.php\/partenaires-livraison\/\" \/>\n<meta property=\"og:site_name\" content=\"Restaurant La Bonne P\u00e2te - La Rochelle\" \/>\n<meta property=\"article:publisher\" content=\"http:\/\/www.facebook.com\/labonnepateLR\" \/>\n<meta property=\"article:modified_time\" content=\"2022-04-08T09:53:29+00:00\" \/>\n<meta name=\"twitter:card\" content=\"summary_large_image\" \/>\n<meta name=\"twitter:label1\" content=\"Dur\u00e9e de lecture estim\u00e9e\" \/>\n\t<meta name=\"twitter:data1\" content=\"1 minute\" \/>\n<!-- \/ Yoast SEO plugin. -->","yoast_head_json":{"title":"Nos partenaires livraison &#8902; Restaurant La Bonne P\u00e2te - La Rochelle","description":"Gr\u00e2ce \u00e0 nos partenaires, vous pouvez vous faire livrer les pizzas et les brushettas de la Bonne P\u00e2te en v\u00e9lo. C'est rapide et \u00e9cologique. Pour cela, rendez-vous sur leur site internet.","robots":{"index":"index","follow":"follow","max-snippet":"max-snippet:-1","max-image-preview":"max-image-preview:large","max-video-preview":"max-video-preview:-1"},"canonical":"https:\/\/labonnepatelarochelle.fr\/index.php\/partenaires-livraison\/","og_locale":"fr_FR","og_type":"article","og_title":"Nos partenaires livraison &#8902; Restaurant La Bonne P\u00e2te - La Rochelle","og_description":"Gr\u00e2ce \u00e0 nos partenaires, vous pouvez vous faire livrer les pizzas et les brushettas de la Bonne P\u00e2te en v\u00e9lo. C'est rapide et \u00e9cologique. Pour cela, rendez-vous sur leur site internet.","og_url":"https:\/\/labonnepatelarochelle.fr\/index.php\/partenaires-livraison\/","og_site_name":"Restaurant La Bonne P\u00e2te - La Rochelle","article_publisher":"http:\/\/www.facebook.com\/labonnepateLR","article_modified_time":"2022-04-08T09:53:29+00:00","twitter_card":"summary_large_image","twitter_misc":{"Dur\u00e9e de lecture estim\u00e9e":"1 minute"},"schema":{"@context":"https:\/\/schema.org","@graph":[{"@type":"WebPage","@id":"https:\/\/labonnepatelarochelle.fr\/index.php\/partenaires-livraison\/","url":"https:\/\/labonnepatelarochelle.fr\/index.php\/partenaires-livraison\/","name":"Nos partenaires livraison &#8902; Restaurant La Bonne P\u00e2te - La Rochelle","isPartOf":{"@id":"https:\/\/labonnepatelarochelle.fr\/#website"},"datePublished":"2018-03-23T10:05:48+00:00","dateModified":"2022-04-08T09:53:29+00:00","description":"Gr\u00e2ce \u00e0 nos partenaires, vous pouvez vous faire livrer les pizzas et les brushettas de la Bonne P\u00e2te en v\u00e9lo. C'est rapide et \u00e9cologique. Pour cela, rendez-vous sur leur site internet.","breadcrumb":{"@id":"https:\/\/labonnepatelarochelle.fr\/index.php\/partenaires-livraison\/#breadcrumb"},"inLanguage":"fr-FR","potentialAction":[{"@type":"ReadAction","target":["https:\/\/labonnepatelarochelle.fr\/index.php\/partenaires-livraison\/"]}]},{"@type":"BreadcrumbList","@id":"https:\/\/labonnepatelarochelle.fr\/index.php\/partenaires-livraison\/#breadcrumb","itemListElement":[{"@type":"ListItem","position":1,"name":"Accueil","item":"https:\/\/labonnepatelarochelle.fr\/"},{"@type":"ListItem","position":2,"name":"Nos partenaires livraison"}]},{"@type":"WebSite","@id":"https:\/\/labonnepatelarochelle.fr\/#website","url":"https:\/\/labonnepatelarochelle.fr\/","name":"Restaurant La Bonne P\u00e2te - La Rochelle","description":"Pizzas artisanales, bruschettas, p\u00e2tes, salades, et desserts maisons","potentialAction":[{"@type":"SearchAction","target":{"@type":"EntryPoint","urlTemplate":"https:\/\/labonnepatelarochelle.fr\/?s={search_term_string}"},"query-input":{"@type":"PropertyValueSpecification","valueRequired":true,"valueName":"search_term_string"}}],"inLanguage":"fr-FR"}]}},"_links":{"self":[{"href":"https:\/\/labonnepatelarochelle.fr\/index.php\/wp-json\/wp\/v2\/pages\/278","targetHints":{"allow":["GET"]}}],"collection":[{"href":"https:\/\/labonnepatelarochelle.fr\/index.php\/wp-json\/wp\/v2\/pages"}],"about":[{"href":"https:\/\/labonnepatelarochelle.fr\/index.php\/wp-json\/wp\/v2\/types\/page"}],"author":[{"embeddable":true,"href":"https:\/\/labonnepatelarochelle.fr\/index.php\/wp-json\/wp\/v2\/users\/1"}],"replies":[{"embeddable":true,"href":"https:\/\/labonnepatelarochelle.fr\/index.php\/wp-json\/wp\/v2\/comments?post=278"}],"version-history":[{"count":7,"href":"https:\/\/labonnepatelarochelle.fr\/index.php\/wp-json\/wp\/v2\/pages\/278\/revisions"}],"predecessor-version":[{"id":870,"href":"https:\/\/labonnepatelarochelle.fr\/index.php\/wp-json\/wp\/v2\/pages\/278\/revisions\/870"}],"wp:attachment":[{"href":"https:\/\/labonnepatelarochelle.fr\/index.php\/wp-json\/wp\/v2\/media?parent=278"}],"curies":[{"name":"wp","href":"https:\/\/api.w.org\/{rel}","templated":true}]}}