{"id":445,"date":"2019-11-29T18:43:11","date_gmt":"2019-11-29T17:43:11","guid":{"rendered":"https:\/\/labonnepatelarochelle.fr\/?page_id=445"},"modified":"2025-12-18T11:37:43","modified_gmt":"2025-12-18T10:37:43","slug":"restaurant-la-bonne-pate","status":"publish","type":"page","link":"https:\/\/labonnepatelarochelle.fr\/","title":{"rendered":"Restaurant La Bonne P\u00e2te"},"content":{"rendered":"\n<p>La Bonne P\u00e2te est un petit restaurant de <strong>cuisine franco-italienne<\/strong>. Nous vous proposons tout au long de l&#8217;ann\u00e9e, des <strong>pizzas artisanales<\/strong>, des <strong>bruschettas<\/strong>, des <strong>p\u00e2tes<\/strong>, et des <strong>salades<\/strong>. <\/p>\n\n\n<div class=\"wp-block-image\">\n<figure class=\"alignright size-large is-resized\"><img decoding=\"async\" src=\"https:\/\/labonnepatelarochelle.fr\/wp-content\/uploads\/2017\/08\/place_fourche-1024x683.jpg\" alt=\"place de la Fourche\" class=\"wp-image-216\" style=\"width:306px;height:203px\"\/><figcaption class=\"wp-element-caption\">La place de la Fouche au coeur du quartier St Nicolas et \u00e0 2 pas du vieux port de La Rochelle<\/figcaption><\/figure>\n<\/div>\n\n\n<p>Pour le dessert, vous aurez un choix de desserts italiens comme un <strong>tiramisu<\/strong>, une <strong>panna cotta<\/strong>, un <strong>baba au limoncello<\/strong>, ou une suggestion de notre chef , ainsi que de d\u00e9licieuses <strong>coupes glac\u00e9es<\/strong>.<\/p>\n\n\n\n<p>Le restaurant La Bonne P\u00e2te est situ\u00e9 \u00e0 deux pas du <strong>Vieux Port de La Rochelle<\/strong>, sur une magnifique et tranquille <strong>place pi\u00e9tonne<\/strong>, pav\u00e9e \u00e0 l&#8217;ancienne, et ombrag\u00e9e d&#8217;un superbe paulownia.<\/p>\n\n\n\n<p>Vous pourrez vous restaurer <strong>sur place<\/strong> <strong>en terrasse<\/strong> ou <strong>en salle<\/strong>. Vous avez aussi la possibilit\u00e9 de commander votre bruschetta ou votre <strong>pizza \u00e0 emporter<\/strong> (si la cuisine n&#8217;est pas d\u00e9bord\u00e9e).<\/p>\n\n\n\n<div style=\"height:32px\" aria-hidden=\"true\" class=\"wp-block-spacer\"><\/div>\n\n\n\n<div class=\"wp-block-group has-black-color has-cyan-bluish-gray-background-color has-text-color has-background\"><div class=\"wp-block-group__inner-container is-layout-flow wp-block-group-is-layout-flow\">\n<h3 class=\"wp-block-heading has-text-align-center\">Nos horaires d&#8217;ouverture :<\/h3>\n\n\n\n<p class=\"has-text-align-center\"><strong>Horaires automne\/hiver<\/strong><br><\/p>\n\n\n\n<figure class=\"wp-block-table\"><table><tbody><tr><td class=\"has-text-align-center\" data-align=\"center\">Lundi<\/td><td class=\"has-text-align-center\" data-align=\"center\">ferm\u00e9<\/td><td class=\"has-text-align-center\" data-align=\"center\">ferm\u00e9<\/td><\/tr><tr><td class=\"has-text-align-center\" data-align=\"center\">Mardi<\/td><td class=\"has-text-align-center\" data-align=\"center\">12h-14h00<\/td><td class=\"has-text-align-center\" data-align=\"center\">19h-22h00<\/td><\/tr><tr><td class=\"has-text-align-center\" data-align=\"center\">Mercredi<\/td><td class=\"has-text-align-center\" data-align=\"center\">12h-14h00<\/td><td class=\"has-text-align-center\" data-align=\"center\">19h-22h00<\/td><\/tr><tr><td class=\"has-text-align-center\" data-align=\"center\">Jeudi<\/td><td class=\"has-text-align-center\" data-align=\"center\">12h-14h00<\/td><td class=\"has-text-align-center\" data-align=\"center\">19h-22h00<\/td><\/tr><tr><td class=\"has-text-align-center\" data-align=\"center\">Vendredi<\/td><td class=\"has-text-align-center\" data-align=\"center\">12h-14h00<\/td><td class=\"has-text-align-center\" data-align=\"center\">19h-22h00<\/td><\/tr><tr><td class=\"has-text-align-center\" data-align=\"center\">Samedi<\/td><td class=\"has-text-align-center\" data-align=\"center\">12h-14h00<\/td><td class=\"has-text-align-center\" data-align=\"center\">19h-22h00<\/td><\/tr><tr><td class=\"has-text-align-center\" data-align=\"center\">Dimanche<\/td><td class=\"has-text-align-center\" data-align=\"center\">ferm\u00e9<\/td><td class=\"has-text-align-center\" data-align=\"center\">ferm\u00e9<\/td><\/tr><\/tbody><\/table><\/figure>\n\n\n\n<p class=\"has-text-align-center\"><\/p>\n<\/div><\/div>\n\n\n\n<div class=\"wp-block-button aligncenter is-style-outline is-style-outline--1\"><a class=\"wp-block-button__link has-text-color has-background\" href=\"https:\/\/labonnepatelarochelle.fr\/index.php\/reserver-une-table\/\" style=\"background-color:#bc2f2f;color:#ffffff;border-radius:5px\">R\u00e9servez votre table<\/a><\/div>\n","protected":false},"excerpt":{"rendered":"<p>La Bonne P\u00e2te est un petit restaurant de cuisine franco-italienne. Nous vous proposons tout au long de l&#8217;ann\u00e9e, des pizzas artisanales, des bruschettas, des p\u00e2tes, et des salades. Pour le dessert, vous aurez un choix de desserts italiens comme un tiramisu, une panna cotta, un baba au limoncello, ou une suggestion de notre chef , [&hellip;]<\/p>\n","protected":false},"author":1,"featured_media":0,"parent":0,"menu_order":0,"comment_status":"closed","ping_status":"closed","template":"","meta":{"footnotes":""},"class_list":["post-445","page","type-page","status-publish","czr-hentry"],"yoast_head":"<!-- This site is optimized with the Yoast SEO plugin v27.5 - https:\/\/yoast.com\/product\/yoast-seo-wordpress\/ -->\n<title>Restaurant La Bonne P\u00e2te : pizza et bruschetta &#8902; Restaurant La Bonne P\u00e2te - La Rochelle<\/title>\n<meta name=\"description\" content=\"La Bonne P\u00e2te \u00e0 La Rochelle est un restaurant de cuisine franco-italienne. Nous vous proposons principalement des pizzas artisanales et des bruschettas.\" \/>\n<meta name=\"robots\" content=\"index, follow, max-snippet:-1, max-image-preview:large, max-video-preview:-1\" \/>\n<link rel=\"canonical\" href=\"https:\/\/labonnepatelarochelle.fr\/\" \/>\n<meta property=\"og:locale\" content=\"fr_FR\" \/>\n<meta property=\"og:type\" content=\"article\" \/>\n<meta property=\"og:title\" content=\"Restaurant La Bonne P\u00e2te : pizza et bruschetta &#8902; Restaurant La Bonne P\u00e2te - La Rochelle\" \/>\n<meta property=\"og:description\" content=\"La Bonne P\u00e2te \u00e0 La Rochelle est un restaurant de cuisine franco-italienne. Nous vous proposons principalement des pizzas artisanales et des bruschettas.\" \/>\n<meta property=\"og:url\" content=\"https:\/\/labonnepatelarochelle.fr\/\" \/>\n<meta property=\"og:site_name\" content=\"Restaurant La Bonne P\u00e2te - La Rochelle\" \/>\n<meta property=\"article:publisher\" content=\"http:\/\/www.facebook.com\/labonnepateLR\" \/>\n<meta property=\"article:modified_time\" content=\"2025-12-18T10:37:43+00:00\" \/>\n<meta property=\"og:image\" content=\"https:\/\/labonnepatelarochelle.fr\/wp-content\/uploads\/2017\/08\/place_fourche.jpg\" \/>\n\t<meta property=\"og:image:width\" content=\"2560\" \/>\n\t<meta property=\"og:image:height\" content=\"1707\" \/>\n\t<meta property=\"og:image:type\" content=\"image\/jpeg\" \/>\n<meta name=\"twitter:card\" content=\"summary_large_image\" \/>\n<meta name=\"twitter:label1\" content=\"Dur\u00e9e de lecture estim\u00e9e\" \/>\n\t<meta name=\"twitter:data1\" content=\"2 minutes\" \/>\n<!-- \/ Yoast SEO plugin. -->","yoast_head_json":{"title":"Restaurant La Bonne P\u00e2te : pizza et bruschetta &#8902; Restaurant La Bonne P\u00e2te - La Rochelle","description":"La Bonne P\u00e2te \u00e0 La Rochelle est un restaurant de cuisine franco-italienne. Nous vous proposons principalement des pizzas artisanales et des bruschettas.","robots":{"index":"index","follow":"follow","max-snippet":"max-snippet:-1","max-image-preview":"max-image-preview:large","max-video-preview":"max-video-preview:-1"},"canonical":"https:\/\/labonnepatelarochelle.fr\/","og_locale":"fr_FR","og_type":"article","og_title":"Restaurant La Bonne P\u00e2te : pizza et bruschetta &#8902; Restaurant La Bonne P\u00e2te - La Rochelle","og_description":"La Bonne P\u00e2te \u00e0 La Rochelle est un restaurant de cuisine franco-italienne. Nous vous proposons principalement des pizzas artisanales et des bruschettas.","og_url":"https:\/\/labonnepatelarochelle.fr\/","og_site_name":"Restaurant La Bonne P\u00e2te - La Rochelle","article_publisher":"http:\/\/www.facebook.com\/labonnepateLR","article_modified_time":"2025-12-18T10:37:43+00:00","og_image":[{"width":2560,"height":1707,"url":"https:\/\/labonnepatelarochelle.fr\/wp-content\/uploads\/2017\/08\/place_fourche.jpg","type":"image\/jpeg"}],"twitter_card":"summary_large_image","twitter_misc":{"Dur\u00e9e de lecture estim\u00e9e":"2 minutes"},"schema":{"@context":"https:\/\/schema.org","@graph":[{"@type":"WebPage","@id":"https:\/\/labonnepatelarochelle.fr\/","url":"https:\/\/labonnepatelarochelle.fr\/","name":"Restaurant La Bonne P\u00e2te : pizza et bruschetta &#8902; Restaurant La Bonne P\u00e2te - La Rochelle","isPartOf":{"@id":"https:\/\/labonnepatelarochelle.fr\/#website"},"primaryImageOfPage":{"@id":"https:\/\/labonnepatelarochelle.fr\/#primaryimage"},"image":{"@id":"https:\/\/labonnepatelarochelle.fr\/#primaryimage"},"thumbnailUrl":"https:\/\/labonnepatelarochelle.fr\/wp-content\/uploads\/2017\/08\/place_fourche-1024x683.jpg","datePublished":"2019-11-29T17:43:11+00:00","dateModified":"2025-12-18T10:37:43+00:00","description":"La Bonne P\u00e2te \u00e0 La Rochelle est un restaurant de cuisine franco-italienne. Nous vous proposons principalement des pizzas artisanales et des bruschettas.","breadcrumb":{"@id":"https:\/\/labonnepatelarochelle.fr\/#breadcrumb"},"inLanguage":"fr-FR","potentialAction":[{"@type":"ReadAction","target":["https:\/\/labonnepatelarochelle.fr\/"]}]},{"@type":"ImageObject","inLanguage":"fr-FR","@id":"https:\/\/labonnepatelarochelle.fr\/#primaryimage","url":"https:\/\/labonnepatelarochelle.fr\/wp-content\/uploads\/2017\/08\/place_fourche.jpg","contentUrl":"https:\/\/labonnepatelarochelle.fr\/wp-content\/uploads\/2017\/08\/place_fourche.jpg","width":2560,"height":1707,"caption":"La place de la Fouche au coeur du quartier St Nicolas et \u00e0 2 pas du vieux port de La Rochelle"},{"@type":"BreadcrumbList","@id":"https:\/\/labonnepatelarochelle.fr\/#breadcrumb","itemListElement":[{"@type":"ListItem","position":1,"name":"Accueil","item":"https:\/\/labonnepatelarochelle.fr\/"},{"@type":"ListItem","position":2,"name":"Restaurant La Bonne P\u00e2te"}]},{"@type":"WebSite","@id":"https:\/\/labonnepatelarochelle.fr\/#website","url":"https:\/\/labonnepatelarochelle.fr\/","name":"Restaurant La Bonne P\u00e2te - La Rochelle","description":"Pizzas artisanales, bruschettas, p\u00e2tes, salades, et desserts maisons","potentialAction":[{"@type":"SearchAction","target":{"@type":"EntryPoint","urlTemplate":"https:\/\/labonnepatelarochelle.fr\/?s={search_term_string}"},"query-input":{"@type":"PropertyValueSpecification","valueRequired":true,"valueName":"search_term_string"}}],"inLanguage":"fr-FR"}]}},"_links":{"self":[{"href":"https:\/\/labonnepatelarochelle.fr\/index.php\/wp-json\/wp\/v2\/pages\/445","targetHints":{"allow":["GET"]}}],"collection":[{"href":"https:\/\/labonnepatelarochelle.fr\/index.php\/wp-json\/wp\/v2\/pages"}],"about":[{"href":"https:\/\/labonnepatelarochelle.fr\/index.php\/wp-json\/wp\/v2\/types\/page"}],"author":[{"embeddable":true,"href":"https:\/\/labonnepatelarochelle.fr\/index.php\/wp-json\/wp\/v2\/users\/1"}],"replies":[{"embeddable":true,"href":"https:\/\/labonnepatelarochelle.fr\/index.php\/wp-json\/wp\/v2\/comments?post=445"}],"version-history":[{"count":49,"href":"https:\/\/labonnepatelarochelle.fr\/index.php\/wp-json\/wp\/v2\/pages\/445\/revisions"}],"predecessor-version":[{"id":1516,"href":"https:\/\/labonnepatelarochelle.fr\/index.php\/wp-json\/wp\/v2\/pages\/445\/revisions\/1516"}],"wp:attachment":[{"href":"https:\/\/labonnepatelarochelle.fr\/index.php\/wp-json\/wp\/v2\/media?parent=445"}],"curies":[{"name":"wp","href":"https:\/\/api.w.org\/{rel}","templated":true}]}}